43. Let v = -48 + y. Determine o(v).
3
Let d be ((-820)/(-8))/5*(1 + -3). Let a = d - -42. Suppose 0 = 8*s + a + 7. Let i(p) = 3*p. Determine i(s).
-3
Let c(p) be the second derivative of 3*p**5/20 + 2*p**4/3 - p**3/3 - 106*p. Determine c(-3).
-3
Let d(h) = -14*h + 3. Let u(y) = -28*y + 5. Let o(c) = 7*d(c) - 4*u(c). Suppose 51*b - 17 - 33 = b. Give o(b).
15
Let j(h) = 3*h + 10. Suppose 5*d - 6 = 3*d. Suppose 0 = 2*p - 5 - d. Let y(m) = m + 2. Let l(u) = p*y(u) - j(u). What is l(-3)?
-5
Let p(w) = 330 - 8*w - 162 - 152. Let c be p(2). Let d(t) = -t**3 + 2*t**2 + 3. What is d(c)?
3
Suppose -5*z + 2 - 31 = 4*c, 4*z + 17 = 3*c. Let a(h) be the first derivative of 7*h**3 - h**2/2 + 20421. Give a(c).
22
Suppose -108*x = -105*x - 9. Let s(p) = p**3. Let d(a) = -3*a**2 - 2*a - 4*a**3 + 2*a**2 + 3*a**3. Let k(z) = x*s(z) + d(z). Give k(2).
8
Let y(g) be the first derivative of -g**4/4 + 13*g**3/3 - 11*g**2/2 - 11*g - 1448. What is y(12)?
1
Let d(z) = z + 6. Let s(j) = -j - 1. Suppose -5*t - 5 = 5*w, 6*w - 7*w + 2 = 4*t. Let n(h) = w*d(h) - 4*s(h). Determine n(-8).
-24
Let w(l) be the first derivative of l**4/4 + 8*l**3/3 - 4*l**2 + 10*l + 884. Let x = 1 - 1. Suppose x*j + 18 = -2*j. Give w(j).
1
Let g(m) = 3*m**2 - 5*m - 1. Let w be g(-1). Let l(h) = h**2 + 10*h - 3. Let k(u) = 2*u**2 + 11*u - 5. Let s(r) = 2*k(r) - 3*l(r). Determine s(w).
-8
Let b be (5 + (-38)/8)/(1/7204). Let n(d) = -8*d - b + 1800 + 17*d. Calculate n(1).
8
Suppose 2*j - 159 + 25 = 0. Suppose 5 = 68*i - j*i. Let m(w) = 3*w**2 - w**2 + i - 28*w - 19*w + 43*w + w**3. Give m(-4).
-11
Let d(x) = 3*x**2 + 2. Let j be d(-3). Suppose -j + 9 = -5*y. Let v(w) = -34*w - y - 41*w + 68*w. Calculate v(4).
-32
Let j = 2994 - 2951. Let c(r) = -r**2 + 44*r - 46. Determine c(j).
-3
Suppose 2*g + 10*f = 3*g - 33, -2*g - f = -3. Let u(n) be the second derivative of 0 + 0*n**2 - 1/6*n**g + 18*n. What is u(6)?
-6
Let y(x) be the second derivative of -2*x**3 + x**2 - 129*x. Let g = 10 - 8. Suppose -g*s = 2*z, -2*s + 4*z = 2*z - 8. Determine y(s).
-22
Let m(i) = i**2 - 5*i + 2. Let q = -333 + 16. Let w = q + 325. Calculate m(w).
26
Let u(f) = -f**3 + 8*f**2 - 16*f + 4. Let q = -3312 - -3314. Calculate u(q).
-4
Let r be 434/(-3) - (-2)/(-6). Let b = r - -149. Suppose 0 = -2*z + 3*z - b*d - 10, -4*z = d - 6. Let x(n) = -3*n**2 + 4*n - 3. Determine x(z).
-7
Let j(x) = 12*x**3 + 17*x**2 - 38*x + 60. Let b(o) = 17*o**3 + 27*o**2 - 56*o + 89. Let g(d) = -5*b(d) + 7*j(d). Determine g(-17).
26
Let y(r) = r**3 + 4*r**2 - 4*r + 7. Let s(t) = -2*t**2 - 356*t + 716. Let m be s(2). Give y(m).
23
Let z(p) = p**3 - 2*p**2 - 2*p + 4. Suppose d + 2*b - 6 + 8 = 0, b = -4*d - 1. What is z(d)?
4
Let i(f) be the first derivative of f**2/2 - 4*f - 2. Let r be (-14)/6 + 1*(-296)/(-24). What is i(r)?
6
Let w(n) be the first derivative of 11*n**4/4 - 3*n**2/2 + n + 11317. Give w(-2).
-81
Let q = 43 - 41. Suppose 0 = 4*f - q*o - 14, -4*f - f + 14 = o. Let w(s) = -s + f*s + 3*s. Give w(-2).
-10
Let b(k) = k + 6. Let c = -1728 + 1728. Determine b(c).
6
Let a(u) = 2*u**2 + 67*u - 3. Let o(v) = -4*v**2 - 158*v + 6. Let m(l) = -9*a(l) - 4*o(l). Determine m(14).
17
Suppose 0 = 18*z - 26 - 10. Let u(y) = 6*y**3 + 11*y**2 - 5*y - 5. Let v(t) = t**3 + 2*t**2 - t - 1. Let n(w) = z*u(w) - 11*v(w). Calculate n(-2).
-9
Let f(n) = 4*n**2 + 4*n + 24. Let z be f(-4). Let c be ((-9)/12)/(138/z + -2). Let p(b) = b**3 - 9*b**2 + 6. Determine p(c).
6
Let w(y) = -4*y - 1. Let q(d) = -9*d - 3. Let s = 4 - -3. Let v(u) = s*w(u) - 3*q(u). Let t be (-2)/(-31) + 1560/806 - (0 - -7). Calculate v(t).
7
Let p(x) = -12*x - 36. Let c be p(-11). Let b = 97 - c. Let m(q) = 3*q**2 - q + 1. Give m(b).
3
Let i = -5502 - -5495. Let c(u) = 5*u + 32. What is c(i)?
-3
Let z(f) be the first derivative of -f**4/4 + 5*f**3/3 + f**2 - 3*f + 766. Calculate z(4).
21
Suppose 4*x - 20 - 3 = -5*z, -3 = -z. Let o(k) = 2*k**2 + 2*k - k**x + 17 - 20 - k**3. Suppose 4*y - 2*y + 2*r = 2, -6 = -y + 4*r. Determine o(y).
-3
Let l(o) = 20*o**3 - 7 - 7*o - 21*o**3 - 4 + 6*o**2 + 3*o**2. Let a be 6*-8*2/(-12). What is l(a)?
-3
Let z(i) be the second derivative of i**5/20 - i**4/4 - 5*i**3/2 - 3*i**2 - 2*i - 24. What is z(5)?
-31
Let v(u) = u**2 - 7*u + 7. Suppose 21*i - 32 = 52. Suppose c + i*c = 30. What is v(c)?
1
Let q(n) = 2*n + 9. Suppose -9*z - 384 + 42 = 0. Let t be 19/z + (-60)/8. What is q(t)?
-7
Suppose -9 + 49 = 5*h. Let f = h + -14. Let s(i) = i + 6. Let p be s(f). Let m(t) = t - 4. What is m(p)?
-4
Let z(t) = -t + 24. Let a(v) = -13*v + 8. Let k be a(-24). Let p = -320 + k. Give z(p).
24
Let k be (1 + (-12)/(-4))*(-6)/(-12). Let h(q) be the second derivative of -q**3/3 - q**2/2 - 4*q. Let r be h(k). Let o(x) = -2*x**2 - 8*x - 4. Give o(r).
-14
Let z(f) = -f**3 - 5*f**2 + 6*f - 5. Let b(k) = -3*k**2 + 3*k - 3. Let q be b(2). Let y be 45/q + -4 + 3. Determine z(y).
-5
Suppose 0*c = 5*c - 10. Let z be 15/(-20) - (-7 - (-44)/(-16)). Let u(a) = -1 + c*a - z*a + 2 + 6*a. Determine u(4).
-3
Let j(y) = -109*y + 871. Let a be j(8). Let m(l) = 16*l + 1. Calculate m(a).
-15
Let s(p) = p - 20. Let z be s(22). Let m(x) = -1 + 16*x + z + 3*x**2 - 19*x. Give m(2).
7
Let s(z) = z**2 + 50*z - 763. Let o be s(12). Let l(w) = -w**3 - 18*w**2 + 21*w + 23. Calculate l(o).
-15
Let o(a) = a - 10. Let p = -216 - -237. Let y be (17 + -5)/(p/35) - 2. Calculate o(y).
8
Let l(r) be the third derivative of 1/12*r**4 + 0*r + 37*r**2 - 1/3*r**3 + 0. Suppose 2*a = -2*a - 16. Calculate l(a).
-10
Suppose -74*n + 380 + 404 = 192. Let h(r) = -9*r + 59. What is h(n)?
-13
Let f(q) = 5*q**2 + 9*q. Let m(o) = o - 11. Let n be m(10). Let a(u) = -u**2 - u + 2. Let x(y) = n*f(y) - 6*a(y). Calculate x(5).
-2
Let d(x) = 21 + 10*x - 80 - 2 - 17 - 10. Calculate d(13).
42
Let p = 1777 + -1779. Let x(z) = 32*z + 56. What is x(p)?
-8
Let g(v) = v**3 - 28*v**2 - 62*v + 62. Let k be g(30). Let i(u) = -7*u - k*u + 3*u**2 + 0*u + 0*u - 2*u**2. Calculate i(9).
0
Let i(o) = -3*o**3 - 16*o**2 + 5*o - 5. Let f(n) = n**3 + 5*n**2 - 2*n + 1. Let q(d) = 7*f(d) + 2*i(d). Let u = 50 - 47. Suppose u*z + z = -8. Determine q(z).
9
Let m = 1374 + -1377. Let u(g) = g - 4. Let l(p) = 1 - 3 + 1. Let o(w) = -5*l(w) + u(w). Give o(m).
-2
Let j(y) = -y + 1. Suppose 0 = 5*s - 3 + 18. Let z be j(s). Suppose 0 = -z*f - 2*f + 30. Let t(b) = -b + 2. Determine t(f).
-3
Let q(x) = -4*x + 15. Let v(u) = 5*u - 16. Let k(p) = -4*q(p) - 3*v(p). Suppose 0 = 5*j + 41 - 51. Suppose 2*y + j*y - 36 = 0. Determine k(y).
-3
Let n(f) = 35*f + 102. Let i(v) = 13*v + 35. Let g(q) = -8*i(q) + 3*n(q). Calculate g(-17).
9
Suppose -2*m - 10 = w, -3*w = -2*m - 5*w - 12. Let b(z) = -13*z**2 - 8*z - 9. Let o(k) = 11*k**2 + 8*k + 8. Let g(r) = 5*b(r) + 6*o(r). Determine g(m).
-13
Let t(v) be the third derivative of -v**5/60 + 5*v**4/24 - 5*v**3/6 + 104*v**2 + 5. Give t(4).
-1
Suppose -7*w + 2*w = 0. Let c be ((w + 1)*0)/(-1 + 2). Let n(i) = 5 - 15*i**2 + 14*i**2 + c*i - 4*i + i. Determine n(-4).
1
Let h be ((-15)/((-45)/12))/2. Let d(j) = -189*j**3 - h*j + 190*j**3 - 12 - j**2 + j. Suppose -6*k + 3*k = 0. What is d(k)?
-12
Let t(c) = -1118*c + 2229*c - 1110*c - 46. Give t(17).
-29
Let l(v) = 19*v**3 - 6*v**2 + 7*v + 9. Let g(i) = 52*i**3 - 18*i**2 + 20*i + 27. Let m(s) = 4*g(s) - 11*l(s). Calculate m(-6).
-9
Let m(n) = 19*n - 22. Suppose 8*y + 10*y = -29*y + 9*y. Calculate m(y).
-22
Let r(v) = -2*v**2. Let m(i) = i**2 - 30*i - 136. Let w be m(-4). What is r(w)?
0
Let p(d) be the third derivative of 1/12*d**4 + 1/60*d**5 + 0*d + 1/2*d**3 + 0 + 158*d**2. Determine p(0).
3
Suppose -27*u + 20 = -37*u. Let b(n) = -3*n**2 + 3*n + 17. Give b(u).
-1
Let t = -26 - -26. Suppose t = 4*h - 34 + 66. Let o(z) = -6*z - 12. Let f(c) = 7*c + 11. Let s(r) = 5*f(r) + 6*o(r). Calculate s(h).
-9
Let y(t) = t**2 - 5*t - 3. Let a be y(6). Suppose a*q = 1038 + 156. Let g(u) = -2*u**2 - u**2 + q*u**3 - 396*u**3. Give g(2).
4
Let h(i) = -i**2 - i. Let x be h(3). Let s be (x/9 + 2)/(2/6). Let j(q) = 4 + 0*q**s + q**3 + 2*q**2 + 4*q**2. What is j(-6)?
4
Let o(f) be the first derivative of f**3 - 2*f - 42. Suppose -4*m + 49 = y, -m + 6 = y - 2*y. Suppose 16*g - m*g + 10 = 0. Give o(g).
10
Let y(u) = -u**3 + 9*u**2 + u - 19. Suppose 13*g = 9*g + 360. Suppose 37*z = 47*z - g. Calculate y(z).
-10
Let n